{"id":1275,"date":"2014-11-30T12:31:52","date_gmt":"2014-11-30T12:31:52","guid":{"rendered":"http:\/\/svsul.com.br\/sv\/?post_type=product&#038;p=1275"},"modified":"2019-01-29T15:56:05","modified_gmt":"2019-01-29T15:56:05","slug":"inteligencia-um-potencial-ainda-escondido-rene-terra-nova","status":"publish","type":"product","link":"http:\/\/svsul.com.br\/sv\/?product=inteligencia-um-potencial-ainda-escondido-rene-terra-nova","title":{"rendered":"Intelig\u00eancia, um potencial ainda escondido &#8211; Ren\u00ea Terra Nova"},"content":{"rendered":"<p>Se voc\u00ea n\u00e3o soubesse sua idade cronol\u00f3gica, quantos anos voc\u00ea se daria? Essa pergunta \u00e9 uma den\u00fancia, e, ao mesmo tempo, um est\u00edmulo a nos encontrarmos com a nossa verdadeira identidade mental. Uns jovens morrem como velhos, e muitos velhos morrem como crian\u00e7as, nunca amadurecem sua capacidade mental nem usufru\u00edram a totalidade da intelig\u00eancia que lhes estava \u00e0 disposi\u00e7\u00e3o.<\/p>\n<p>Podemos, sim, conhecer nosso potencial e agregar mais conhecimentos \u00e0 nossa intelig\u00eancia. Tudo \u00e9 quest\u00e3o de est\u00edmulo e de procurarmos fontes que nos ajudem a descrever exatamente quem somos, independentes dos traumas e dificuldades que tivemos na vida. H\u00e1 um potencial guardado, que poder\u00e1 ser enfatizado em ordem diferenciada e muitos conte\u00fados escondidos serem liberados para o cerebelo e estimulados a uma explos\u00e3o de novos conhecimentos, alguns j\u00e1 est\u00e3o guardados e outros que ser\u00e3o agregados.<\/p>\n<p>Tenho visto que h\u00e1 uma multiplicidade de pensamentos\u00a0 e criatividades \u00a0que n\u00e3o foram ainda pesquisadas e que precisamos dar curso \u00e0 lei do pensador para que novos campos se abram na nossa dire\u00e7\u00e3o. Uma delas \u00e9 a Intelig\u00eancia Multimotivacional, que \u00e9 uma complexidade das intelig\u00eancias interligadas, uma completando a outra, e que o l\u00edder que milita no interpessoal s\u00e3o os que mais a possuem, pois existe resultado extenso com relacionamentos estreitos.<\/p>\n<p>Neste livro, voc\u00ea conhecer\u00e1 os tipos de intelig\u00eancia, certamente se identificar\u00e1 com cada uma delas, e claro, ser\u00e1 estimulado a treinar parte da intelig\u00eancia que esta adormecida.<\/p>\n<p>&nbsp;<\/p>\n<p>Autor: Ren\u00ea Terra Nova<\/p>\n","protected":false},"excerpt":{"rendered":"<p>Neste livro, voc\u00ea conhecer\u00e1 os tipos de intelig\u00eancia, certamente se identificar\u00e1 com cada uma delas, e claro, ser\u00e1 estimulado a treinar parte da intelig\u00eancia que esta adormecida.<\/p>\n","protected":false},"featured_media":1276,"comment_status":"open","ping_status":"closed","template":"","meta":[],"product_cat":[14,18],"product_tag":[160,59],"_links":{"self":[{"href":"http:\/\/svsul.com.br\/sv\/index.php?rest_route=\/wp\/v2\/product\/1275"}],"collection":[{"href":"http:\/\/svsul.com.br\/sv\/index.php?rest_route=\/wp\/v2\/product"}],"about":[{"href":"http:\/\/svsul.com.br\/sv\/index.php?rest_route=\/wp\/v2\/types\/product"}],"replies":[{"embeddable":true,"href":"http:\/\/svsul.com.br\/sv\/index.php?rest_route=%2Fwp%2Fv2%2Fcomments&post=1275"}],"wp:featuredmedia":[{"embeddable":true,"href":"http:\/\/svsul.com.br\/sv\/index.php?rest_route=\/wp\/v2\/media\/1276"}],"wp:attachment":[{"href":"http:\/\/svsul.com.br\/sv\/index.php?rest_route=%2Fwp%2Fv2%2Fmedia&parent=1275"}],"wp:term":[{"taxonomy":"product_cat","embeddable":true,"href":"http:\/\/svsul.com.br\/sv\/index.php?rest_route=%2Fwp%2Fv2%2Fproduct_cat&post=1275"},{"taxonomy":"product_tag","embeddable":true,"href":"http:\/\/svsul.com.br\/sv\/index.php?rest_route=%2Fwp%2Fv2%2Fproduct_tag&post=1275"}],"curies":[{"name":"wp","href":"https:\/\/api.w.org\/{rel}","templated":true}]}}

Inteligência, um potencial ainda escondido &#8211; Renê Terra Nova

<p>Se você não soubesse sua idade cronológica, quantos anos você se daria? Essa pergunta é uma denúncia, e, ao mesmo tempo, um estímulo a nos encontrarmos com a nossa verdadeira identidade mental. Uns jovens morrem como velhos, e muitos velhos morrem como crianças, nunca amadurecem sua capacidade mental nem usufruíram a totalidade da inteligência que lhes estava à disposição.</p>
<p>Podemos, sim, conhecer nosso potencial e agregar mais conhecimentos à nossa inteligência. Tudo é questão de estímulo e de procurarmos fontes que nos ajudem a descrever exatamente quem somos, independentes dos traumas e dificuldades que tivemos na vida. Há um potencial guardado, que poderá ser enfatizado em ordem diferenciada e muitos conteúdos escondidos serem liberados para o cerebelo e estimulados a uma explosão de novos conhecimentos, alguns já estão guardados e outros que serão agregados.</p>
<p>Tenho visto que há uma multiplicidade de pensamentos  e criatividades  que não foram ainda pesquisadas e que precisamos dar curso à lei do pensador para que novos campos se abram na nossa direção. Uma delas é a Inteligência Multimotivacional, que é uma complexidade das inteligências interligadas, uma completando a outra, e que o líder que milita no interpessoal são os que mais a possuem, pois existe resultado extenso com relacionamentos estreitos.</p>
<p>Neste livro, você conhecerá os tipos de inteligência, certamente se identificará com cada uma delas, e claro, será estimulado a treinar parte da inteligência que esta adormecida.</p>
<p>&nbsp;</p>
<p>Autor: Renê Terra Nova</p>

<p>Neste livro, você conhecerá os tipos de inteligência, certamente se identificará com cada uma delas, e claro, será estimulado a treinar parte da inteligência que esta adormecida.</p>
