{"id":227,"date":"2013-03-03T15:47:56","date_gmt":"2013-03-03T15:47:56","guid":{"rendered":"http:\/\/svsul.com.br\/sv\/?post_type=product&#038;p=227"},"modified":"2023-01-17T13:16:14","modified_gmt":"2023-01-17T13:16:14","slug":"o-poder-da-alianca","status":"publish","type":"product","link":"http:\/\/svsul.com.br\/sv\/?product=o-poder-da-alianca","title":{"rendered":"O PODER DA ALIAN\u00c7A"},"content":{"rendered":"<p>O Poder da Alian\u00e7a n\u00e3o \u00e9 apenas mais um livro sobre Fam\u00edlia, mas o verdadeiro discurso b\u00edblico de que Deus tem transformado nossa vida ,nosso lar, de acordo com o que ministramos, de acordo o que acreditamos que &#8216;Familia \u00e9 a C\u00e9lula Principal&#8217;.<\/p>\n<p>Essa tem sido nossa declara\u00e7\u00e3o ao longo destes anos ,porque \u00e9 a nossa verdade, a nossa ess\u00eancia. A familia \u00e9 a menina dos olhos de Deus, um pedacinho do c\u00e9u, a base e a sede do avivamento, o lugar da seguran\u00e7a, nosso seguro. Nosso discurso n\u00e3o \u00e9 evasivo. Cremos que, de fato, h\u00e1 poder na alian\u00e7a feita em Deus e que essa alian\u00e7a assegura que nossos filhos ser\u00e3o criados em boa heran\u00e7a, ter\u00e3o princ\u00edpios que marquem a sua identidade e o minist\u00e9rio no poder e autoridade do Senhor Jesus Cristo.<\/p>\n<p>O car\u00e1ter de Cristo tem sido formado neles para que sejam um marco nesta gera\u00e7\u00e3o.A partir destas p\u00e1ginas,se voc\u00ea abrir o cora\u00e7\u00e3o,e estou cr\u00e9dulo de que voc\u00ea o far\u00e1,o Senhor estabelecer\u00e1 algo novo na sua vida, na sua fam\u00edlia e no seu minist\u00e9rio. Hoje come\u00e7a algo especial na sua dire\u00e7\u00e3o. \u00c9 um novo tempo para a familia que come\u00e7a a partir da sua vida. A un\u00e7\u00e3o que vir\u00e1 n\u00e3o poder\u00e1 ser medida, porque voc\u00ea entra na rota do cora\u00e7\u00e3o do Deus Todo Poderoso.<\/p>\n<p>Autor: Ren\u00ea Terra Nova &#8211; 234 p\u00e1ginas<\/p>\n","protected":false},"excerpt":{"rendered":"<p>O Poder da Alian\u00e7a n\u00e3o \u00e9 apenas mais um livro sobre Fam\u00edlia,mas o verdadeiro discurso b\u00edblico de que Deus tem transformado nossa vida e nosso lar.<br \/>\nAutor: Ren\u00ea Terra Nova &#8211; 234 p\u00e1ginas<\/p>\n","protected":false},"featured_media":228,"comment_status":"open","ping_status":"closed","template":"","meta":[],"product_cat":[14,18],"product_tag":[175,59],"_links":{"self":[{"href":"http:\/\/svsul.com.br\/sv\/index.php?rest_route=\/wp\/v2\/product\/227"}],"collection":[{"href":"http:\/\/svsul.com.br\/sv\/index.php?rest_route=\/wp\/v2\/product"}],"about":[{"href":"http:\/\/svsul.com.br\/sv\/index.php?rest_route=\/wp\/v2\/types\/product"}],"replies":[{"embeddable":true,"href":"http:\/\/svsul.com.br\/sv\/index.php?rest_route=%2Fwp%2Fv2%2Fcomments&post=227"}],"wp:featuredmedia":[{"embeddable":true,"href":"http:\/\/svsul.com.br\/sv\/index.php?rest_route=\/wp\/v2\/media\/228"}],"wp:attachment":[{"href":"http:\/\/svsul.com.br\/sv\/index.php?rest_route=%2Fwp%2Fv2%2Fmedia&parent=227"}],"wp:term":[{"taxonomy":"product_cat","embeddable":true,"href":"http:\/\/svsul.com.br\/sv\/index.php?rest_route=%2Fwp%2Fv2%2Fproduct_cat&post=227"},{"taxonomy":"product_tag","embeddable":true,"href":"http:\/\/svsul.com.br\/sv\/index.php?rest_route=%2Fwp%2Fv2%2Fproduct_tag&post=227"}],"curies":[{"name":"wp","href":"https:\/\/api.w.org\/{rel}","templated":true}]}}

O PODER DA ALIANÇA

<p>O Poder da Aliança não é apenas mais um livro sobre Família, mas o verdadeiro discurso bíblico de que Deus tem transformado nossa vida ,nosso lar, de acordo com o que ministramos, de acordo o que acreditamos que &#8216;Familia é a Célula Principal&#8217;.</p>
<p>Essa tem sido nossa declaração ao longo destes anos ,porque é a nossa verdade, a nossa essência. A familia é a menina dos olhos de Deus, um pedacinho do céu, a base e a sede do avivamento, o lugar da segurança, nosso seguro. Nosso discurso não é evasivo. Cremos que, de fato, há poder na aliança feita em Deus e que essa aliança assegura que nossos filhos serão criados em boa herança, terão princípios que marquem a sua identidade e o ministério no poder e autoridade do Senhor Jesus Cristo.</p>
<p>O caráter de Cristo tem sido formado neles para que sejam um marco nesta geração.A partir destas páginas,se você abrir o coração,e estou crédulo de que você o fará,o Senhor estabelecerá algo novo na sua vida, na sua família e no seu ministério. Hoje começa algo especial na sua direção. É um novo tempo para a familia que começa a partir da sua vida. A unção que virá não poderá ser medida, porque você entra na rota do coração do Deus Todo Poderoso.</p>
<p>Autor: Renê Terra Nova &#8211; 234 páginas</p>

<p>O Poder da Aliança não é apenas mais um livro sobre Família,mas o verdadeiro discurso bíblico de que Deus tem transformado nossa vida e nosso lar.<br />
Autor: Renê Terra Nova &#8211; 234 páginas</p>
